) = 19*z - 34*z + 18*z - 1. Determine i(-3).
-10
Let f(n) = n**2 + 3*n + 1. Let l(y) = y**2 + 4*y. Let d(j) = 3*f(j) - 2*l(j). Suppose x - 5 + 3 = 0, 3*x = 5*a + 6. Let b be a/((-3)/((-3)/(-4))). What is d(b)?
3
Let b be 1*-5*2/2. Let o(k) = k**3 + 4*k**2 - 5*k + 2. Let r be o(b). Let a(s) = -3 + 6*s**2 - 8*s**r + 2. Determine a(2).
-9
Let g(l) be the third derivative of -l**6/120 + l**5/10 - l**4/24 - l**3/2 + 757*l**2. Determine g(4).
25
Let k(g) = -4*g**2 + 5. Let a be k(0). Let j(n) = -n + 4. Let i be j(2). Let y(t) = -t - i + 0 - a*t. Calculate y(-2).
10
Let t(x) = 23*x + 400. Let a be t(-17). Let i(d) = 4*d + d**3 - 4*d**2 + 8 - 6*d**2 + 4*d. Determine i(a).
-1
Let j = -138 + 136. Let d(p) = -p**2. Give d(j).
-4
Let s(a) = a**3 + 5*a**2 + 5*a + 4. Let p(g) = 3*g**2 + 90*g - 4. Let w be p(-30). Calculate s(w).
0
Let j(a) = 3 + 2 - 30*a**2 - a + 3 + 29*a**2. Determine j(-4).
-4
Let r(f) = f**3 - 5*f**2 + 5*f - 3. Suppose 0 = -4*z + 125 + 15. Let y = z - 32. Determine r(y).
-6
Let t(n) = 20*n**3 + 4*n**2 - n - 9. Let i(q) = 19*q**3 + 5*q**2 - q - 13. Let j(u) = -2*i(u) + 3*t(u). Give j(1).
22
Let t(k) = k + 5. Let g be t(-4). Let a(m) = 3*m**3 - m**2 + m - 6. Let s be a(2). Let y(b) = 19*b**2 - 26*b**2 + 6*b**2 - s*b**3. What is y(g)?
-17
Let y(d) be the second derivative of d**5/20 + d**4/12 - d**3/6 + d**2/2 + 537*d. Determine y(1).
2
Suppose v = 5*v - 4. Suppose -5*p + 4 = 3*n, -4*n - n + p = -16. Let j(q) = -16 + q**n + 2*q + q**2 + 35 - 3*q**2 - 20. Determine j(v).
0
Let l = -410 + 412. Let p(y) be the first derivative of 2/3*y**3 - y**l + 3*y - 6 - 1/4*y**4. Calculate p(2).
-1
Let l = 25 + -21. Let f(v) = v + 36. Let m(j) = -10. Let h(i) = 2*f(i) + 7*m(i). Determine h(l).
10
Let c(y) be the first derivative of -9/2*y**2 + 40 + 3*y - 1/3*y**3. Determine c(-7).
17
Suppose 18 = -11*u - 4. Let o(m) = -2*m**3 - m**2 - 2*m - 2. Calculate o(u).
14
Let h(u) = -4*u**3 - 2*u**2 + 8*u + 11. Let x(a) = 3*a**3 + 3*a**2 - 8*a - 10. Suppose 9 = 12*j + 33. Let g(v) = j*h(v) - 3*x(v). Calculate g(-6).
-4
Let b(g) be the third derivative of -1/60*g**5 + 0 + 0*g - g**2 - 1/6*g**3 + 1/24*g**4. Let q = -148 - -146. Give b(q).
-7
Let j(q) be the first derivative of -q**4/4 - 2*q**3 + q**2/2 + 2*q - 411. Calculate j(-6).
-4
Let q(p) be the third derivative of p**4/24 + 2*p**3 + 3*p**2 - 54*p. What is q(-6)?
6
Let g(i) = 2 + 4*i + i**2 - 1 + 3*i. Let s = 590 + -596. Determine g(s).
-5
Let r(c) = -6*c + 1 - 14*c + c**3 - 4*c - 5*c**2 + 19*c + 4*c. Let h = -6 - -11. Give r(h).
-4
Suppose 2*y + 2*f - 8 = 0, 3*f + 2*f + 40 = 5*y. Let p(r) = -1 + 3 + 3 + r - y. Give p(-5).
-6
Let g(s) = -s**3 + s**2 - 8*s + 10. Let t(u) = u**2 - u + 4. Let k(a) = g(a) - 3*t(a). Let q be 1 - (0 - -1 - -3). Calculate k(q).
22
Let z = 43 + -48. Let m(o) = o**3 + o**2 - o + 5. Let l be m(0). Let f(v) = v**2 + v - 1. Let i(u) = u**3 - 7*u + 10. Let y(t) = l*f(t) + i(t). Give y(z).
15
Let l(m) = -13 + 6 + 0*m**2 + 8 + m**2 + m. Determine l(-1).
1
Let f = 280 - 286. Let d(m) = -2*m + 1. Calculate d(f).
13
Let f(g) be the second derivative of g**4/12 - 7*g**3/6 - g**2/2 - 383*g. Let j(a) = a + 9. Let r be j(-4). What is f(r)?
-11
Let n(s) be the second derivative of -11*s**5/20 + s**4/12 + s**3/3 + s**2/2 - 11*s. Let a = -111 + 110. What is n(a)?
11
Let l(g) = 16*g - 4. Let d = -372 - -381. Let a = 1 + -3. Let u(r) = 4*r - 1. Let t(i) = a*l(i) + d*u(i). What is t(2)?
7
Suppose -5*j + 22 = y - 8, -5*y = -3*j - 10. Let s(z) = -2*z**2 + 23*z - 7. Let n(b) = -b**2 + 12*b - 4. Let x(q) = -11*n(q) + 6*s(q). Give x(y).
7
Suppose -2*h = -6*h - 16. Let x be -3*h/24 + (-1)/2. Let g(t) = t**3 - t**2 - t - 3. Determine g(x).
-3
Let w(z) = -z - 10. Let n = 5 - 9. Calculate w(n).
-6
Let r(c) = -c**3 + 3*c**2 + c. Let q be 1 - (-5 - -1 - 9/(-3)). Suppose g - q*g = -3. Give r(g).
3
Let t(i) = -2*i**2. Let p(j) = 13*j**3 + 4*j**2 - 1. Let g(u) = -p(u) - t(u). Let b = -1 - -2. Calculate g(b).
-14
Let y(f) = f**3 + 5*f**2 + 3*f + 2. Let h(v) = -v**3 - 33*v**2 - 62*v - 3. Let x be h(-31). Give y(x).
11
Let l be 1 + 166/(-18) + 54/243. Let h(z) = z**2 + 6*z - 1. Give h(l).
15
Let x(j) be the first derivative of -j**4/4 - 13*j**3/3 + 2*j**2 + 2*j + 484. What is x(-13)?
-50
Let c(i) be the third derivative of 7*i**4/24 - i**3/6 - 31*i**2. Suppose 17*x - 23*x = -18. Give c(x).
20
Suppose -5*j = -3*j - o + 43, 3*j + 78 = -3*o. Let y = 32 + j. Let v(x) = -y*x + x - 3*x + 2*x. What is v(-1)?
9
Let a(o) = 2*o + 5. Let u(z) = 9*z**3 + 3 - 32*z + 34*z - 4. Let h be u(1). Let b = h + -16. Calculate a(b).
-7
Let o = -8 + -2. Let a(v) = v + 12. Calculate a(o).
2
Let a(b) = -2*b**3 + 3*b**2 - 15*b + 9. Let g(r) = 3*r**3 - 4*r**2 + 21*r - 13. Let z(k) = -7*a(k) - 5*g(k). Determine z(-3).
20
Suppose 4*u - y + 4*y + 9 = 0, 3 = -5*u - y. Suppose -c + 6 = 4*h, u = -5*h + 1 + 9. Let n be (-1 - (-6 - -3))/c. Let w(i) = -3*i**3 - i**2. Give w(n).
2
Suppose -2*x = -3*x + 2*j + 8, -10 = 2*j. Let w(l) = -23*l + 8*l + 0*l + 9*l - 2. Determine w(x).
10
Let n(d) = 6*d**2 + 13. Let x(i) = -14*i**2 - 28. Let a(s) = -13*n(s) - 6*x(s). Let k = 3 + -1. Let b be (1 - 4)*k/(-6). Determine a(b).
5
Let v(q) = 2 + 1691*q - 7 - 1692*q. Calculate v(-5).
0
Let i(d) = 0 + 4*d - 5 + 6*d**2 - 13*d**2 + 6*d**2. Determine i(5).
-10
Let m be 516/26 + 20/130. Suppose 0 = q - m + 14. Suppose -3*g - q = -3. Let t(n) = 5*n**2 - 2*n - 1. Determine t(g).
6
Suppose -6*q - 7 = -31. Suppose -30 = 5*b - 8*l + q*l, 0 = l - 5. Let t(g) be the first derivative of 2*g**3/3 + g**2/2 + g - 1. Calculate t(b).
7
Let a(s) be the second derivative of -s**3/6 - 7*s**2/2 - 18*s. Calculate a(6).
-13
Let x(f) be the third derivative of f**6/120 + f**5/6 + f**4/12 + 7*f**3/3 + 235*f**2. Suppose 5 + 5 = -i. Calculate x(i).
-6
Suppose -5*s + 15 = 5*l - 15, -5*s + 3 = -4*l. Let q(r) = r**2 - r + 2. Give q(s).
8
Suppose 0 = 9*b - 14*b + 20. Let q(j) = -2 + 346*j + b - 350*j. Let h = -9 - -12. What is q(h)?
-10
Let z(a) = -1. Suppose 0 = -5*u + 4 + 1. Let x(r) = r**2 + 2*r + 3. Let p be x(-3). Let q(k) = -2*k + 6. Let b(l) = p*z(l) + u*q(l). Calculate b(-5).
10
Suppose -z + 4*z - 15 = 0, h - 18 = -4*z. Let j(i) = -3*i**2 - 4*i - 3. Determine j(h).
-7
Let x(r) = -6*r**3 - r**2 + 1. Let w be (-4 - -1) + -1 + 6. Suppose 3 = z - w. Suppose s = -4*s + z. Give x(s).
-6
Let m(l) = l - 8. Suppose 2*n + 8 = 2. Let k(r) = 3*r - 24. Let j(f) = n*k(f) + 8*m(f). Suppose -p + 4*p = -5*c + 33, 14 = 3*c - 4*p. Give j(c).
2
Let h be (2/(-1))/((-3)/6). Suppose 3*b = -4*i + 15, -i + 15 = b - h*b. Let m(d) = -2 - 3 - i*d**2 + 7 - 3. Give m(1).
-7
Let m(v) = 2*v**2 + 2*v. Let j be m(-2). Suppose -s = -x + 2*x - 4, 0 = 4*x - 4. Let i(w) = 0 - 1 + w**s + w**2 + j. Give i(0).
3
Let c(q) = -q**2 - 4*q - 1. Let j be c(-4). Let u(z) be the second derivative of 1/2*z**2 + 16*z + 3/10*z**5 + 1/6*z**4 + 0 + 1/3*z**3. Calculate u(j).
-5
Let g be -13 + (2/(-12))/((-26)/1092). Let h(p) be the second derivative of p**3/6 - 3*p**2 + p. Calculate h(g).
-12
Let y(p) = 2*p + 2. Let i(r) = -r - 1. Let q(x) = -3*i(x) - y(x). Suppose -12 = 71*h - 77*h. Give q(h).
3
Let x(g) = -g**3 + 24 + 11*g - 17 - 12*g + 8*g**2. Determine x(8).
-1
Let u(a) = -a**3 - 5*a**2 - 3*a - 6. Let o(w) = w**3 + w**2 - w - 4. Let x = 26 - 26. Let m be o(x). Give u(m).
-10
Let i(d) = -d**3 + 7*d**2 - 6*d. Let s be i(6). Suppose 2*o - 4*o = 0. Let m(z) = o - 12 - 2*z + 3*z + 0. What is m(s)?
-12
Let y(h) = -h**2 + h. Let b(d) = -7*d - 43. Let f be b(7). Let n = f - -92. Calculate y(n).
0
Suppose 5*k + 0*k + 5*i = -5, -3*i - 5 = k. Suppose -4*z + 1 = c, 4*z + 3*c + k - 4 = 0. Let r(q) = q**3 + q**2 + q - 3. Calculate r(z).
-3
Let i(u) be the second derivative of -39*u - 2*u**2 + 0*u**3 - 1/12*u**4 + 0. Determine i(0).
-4
Let g(c) = 57*c**3 - 9 - 2*c + 29 + c**2 - 58*c**3. Give g(0).
20
Let q be -1 - -3 - (1 - 6). Let b(m) = -m**3 + 7*m**2 - m + 9. Determine b(q).
2
Let d(x) = x**3 + 6*x**2 + 5*x - 1. Let r(a) = a**3 - 4*a**2 - a. Suppose -14 = -2*t - 6. Let i be r(t). Give d(i).
11
Let x(u) = 4*u**2 + u. Let j = -244 - -357. Let g = j + -112. Calculate x(g).
5
Let p(z) = -6*z - 112*z**2 + 222*z**2 - 111*z**2 - 3. Determine p(-6).
-3
Let t(q) = 11*q**3 - 46*q - 14*q**3 - 2 + 49*q. Give t(2).
-20
Let g(r) be the third derivative of -1/6*r**3 + 1/1